229
In base 15, what is -2677 - 10db?
-3763
In base 8, what is 5 - 554575506?
-554575501
In base 9, what is -67 + -2328078?
-2328156
In base 13, what is 429 - -34955?
35081
In base 16, what is b6 - -546a?
5520
In base 14, what is -17349c + 8?
-173494
In base 14, what is -89cc71d + -2?
-89cc721
In base 6, what is -2 + -131103143?
-131103145
In base 8, what is -1 + -32753664?
-32753665
In base 13, what is -177173 + 10?
-177163
In base 14, what is 26c2d73 - -18?
26c2d8b
In base 5, what is -4 + 11010201231?
11010201222
In base 16, what is -2 + -2e636e?
-2e6370
In base 14, what is 5 + -607d614?
-607d60d
In base 7, what is 0 - 4121565555?
-4121565555
In base 5, what is 1441323030 + -3?
1441323022
In base 14, what is 174d + -8b?
16a2
In base 12, what is -6b48925 + -1a?
-6b48943
In base 12, what is -215596 + 70?
-215526
In base 15, what is d3 - 2eec2?
-2edde
In base 13, what is -4 + -22b25154?
-22b25158
In base 6, what is 3033 + 50542?
54015
In base 12, what is -2182 + 3a58?
1896
In base 12, what is -243746 + -865?
-2443ab
In base 12, what is -17333 + -12?
-17345
In base 12, what is -145 + 13864?
1371b
In base 16, what is -5 - efd584?
-efd589
In base 11, what is 13603 + 96?
13699
In base 16, what is 2067 - -25c?
22c3
In base 12, what is 5a47 + 13511?
19358
In base 16, what is 3967a4b9 + -2?
3967a4b7
In base 10, what is -131 - -4554?
4423
In base 2, what is -100001000011 + -1000101010011100?
-1001001011011111
In base 14, what is -1092 - -49d?
-9d3
In base 9, what is -51276158 - 15?
-51276174
In base 12, what is 4 - 6b17614?
-6b17610
In base 15, what is 54e384 - -25?
54e3a9
In base 14, what is 104c - -281d9?
29247
In base 14, what is -7ad15b + 2?
-7ad159
In base 7, what is 6136 - -611316?
620455
In base 6, what is 224251043 + 25?
224251112
In base 14, what is 1651 + 38272?
398c3
In base 8, what is 43407 + -25754?
15433
In base 3, what is 12121021 + -201001202?
-111110111
In base 9, what is 3 - -11170826?
11170830
In base 13, what is 1436 + 54a4?
690a
In base 7, what is 3352655 + 0?
3352655
In base 7, what is 101404 - 1131?
100243
In base 12, what is 4 - -2b4424?
2b4428
In base 4, what is 12030 - -2232120110?
2232132200
In base 10, what is 5 + 31495209?
31495214
In base 11, what is -31225a31 + -4?
-31225a35
In base 2, what is -1010 - -1110111101111001110?
1110111101111000100
In base 13, what is -271b - 218?
-2936
In base 7, what is -145055505 - -10?
-145055465
In base 9, what is 2378 + 1282?
3671
In base 2, what is -11100111000001 + -1011010111010000?
-1110111110010001
In base 13, what is -5 + -59b60641?
-59b60646
In base 9, what is -3643714574 + 3?
-3643714571
In base 9, what is 3 + 4476452?
4476455
In base 4, what is -12110 + -3103201?
-3121311
In base 5, what is 4102014 + 144133?
4301202
In base 16, what is 454 - -b2c?
f80
In base 3, what is -1111102011 + 122211101?
-211120210
In base 10, what is 12235094 + 3?
12235097
In base 14, what is 6928 - 4459?
24ad
In base 14, what is -99b875a - -6?
-99b8754
In base 10, what is -226525571 + -8?
-226525579
In base 6, what is -342 + -130115512?
-130120254
In base 9, what is 36576 + -508?
36067
In base 14, what is bd - 77576?
-77497
In base 14, what is 5 - c6a675?
-c6a670
In base 13, what is -579c1 - 15?
-57a06
In base 13, what is -b56 - 50017?
-50b70
In base 2, what is 110100000110000001000 - -101010?
110100000110000110010
In base 12, what is -49 - -48a79a?
48a751
In base 3, what is -12000220122 - -101021?
-12000112101
In base 5, what is -2302 - -4302004?
4244202
In base 8, what is -14571667 + 7?
-14571660
In base 10, what is 63502 + 6366?
69868
In base 8, what is -11 + -1127720500?
-1127720511
In base 5, what is 2142114331 - 102?
2142114224
In base 6, what is -10225225511 - 2?
-10225225513
In base 11, what is 21 - 6a59a2?
-6a5981
In base 2, what is 11 - 111101110101110110010000?
-111101110101110110001101
In base 3, what is 11 - 1022011201101?
-1022011201020
In base 3, what is -222022010 - -102002120?
-120012120
In base 10, what is -16534 - -143?
-16391
In base 11, what is -563 - -7420?
6968
In base 4, what is 22001033 + 2?
22001101
In base 8, what is -65236241 + 51?
-65236170
In base 10, what is -2085 - -1622?
-463
In base 9, what is -271535132 + 2?
-271535130
In base 10, what is -306270 + 121?
-306149
In base 5, what is -10 - -214334311?
214334301
In base 5, what is 10 - 1024440312?
-1024440302
In base 4, what is -232011101 - -230133?
-231120302
In base 4, what is 11303200 - 310223?
10332311
In base 6, what is -1145 - 20524452?
-20530041
In base 2, what is -1101001100000111011001 + -1010?
-1101001100000111100011
In base 2, what is 1111 - -1110110011100111101001?
1110110011100111111000
In base 7, what is 2 + -2020465341?
-2020465336
In base 2, what is 1000001000100010101100001 + -101?
1000001000100010101011100
In base 9, what is 648253 - 71?
648172
In base 16, what is f6 + -168bf2?
-168afc
In base 12, what is 109a88 + 6?
109a92
In base 11, what is 8652 - -3990?
11532
In base 4, what is -1002 + 1332310202?
1332303200
In base 13, what is -13 - -307354?
307341
In base 15, what is -207 + -d5175?
-d537c
In base 13, what is 437 + 4847?
4c81
In base 2, what is 11000 - 1100001100001100000001001?
-1100001100001011111110001
In base 11, what is 137948 + -42?
137906
In base 2, what is -100111100001111000011 + -111001?
-100111100001111111100
In base 7, what is 3 + 4132541?
4132544
In base 15, what is -24 - 25d59?
-25d7d
In base 8, what is 56037610 - 104?
56037504
In base 15, what is 3 - -1668d6b0?
1668d6b3
In base 9, what is 38 + 556368?
556417
In base 3, what is -202 - 2101100000210220?
-2101100000211122
In base 15, what is -2d51a5 - -2b3?
-2d4de2
In base 15, what is -3d76e + -3?
-3d772
In base 13, what is 6 + 2627b48?
2627b51
In base 13, what is 193 - -4030?
41c3
In base 7, what is -23351 - 25063?
-51444
In base 16, what is 312fa7 - -1?
312fa8
In base 12, what is 153796 + -118?
15367a
In base 9, what is -22 - -17360040?
17360017
In base 2, what is -1000000100 + 10110010010110?
10101010010010
In base 6, what is -513335 - 22550?
-540325
In base 3, what is 21002011021 - 11110122?
20220200122
In base 8, what is 434756743 - 2?
434756741
In base 4, what is -331332033 + 30?
-331332003
In base 5, what is 21 + -3140001142?
-3140001121
In base 9, what is -15133 - -8204?
-5828
In base 13, what is 1 + -1843c3ab?
-1843c3aa
In base 4, what is 323321 - -11000211?
11330132
In base 9, what is 4 - 27054838?
-27054834
In base 8, what is -10673 - -10461?
-212
In base 12, what is -15 - 1b43a336?
-1b43a34b
In base 11, what is -3 + 3578616?
3578613
In base 15, what is -1c + 11ba6a?
11ba4d
In base 8, what is -10402553 - 137?
-10402712
In base 2, what is 10101001110 - -100000?
10101101110
In base 2, what is 101 - 10100010000101011100?
-10100010000101010111
In base 8, what is 123170 - -175?
123365
In base 11, what is 2 - 342a77?
-342a75
In base 12, what is -b67550 - -3b?
-b67511
In base 4, what is 2223 + 11220213320?
11220222203
In base 12, what is -3a5a8 + 30a2?
-37506
In base 3, what is 0 + 12101000101212121?
12101000101212121
In base 2, what is -111100110101101100111 - -1000?
-111100110101101011111
In base 11, what is -320 + -691870?
-692090
In base 4, what is 110110313111 + -3?
110110313102
In base 12, what is 9 - 70950?
-70943
In base 3, what is 201212000 - 2022021?
122112202
In base 12, what is 186 + 16284?
1644a
In base 6, what is -10013353 + 51?
-10013302
In base 7, what is -50606 + 12?
-50564
In base 7, what is 1434062 - 14354?
1416405
In base 3, what is 2020020122010 + -112?
2020020121121
In base 13, what is 170c652 - -5?
170c657
In base 3, what is 1010002220221 + 111?
1010002221102
In base 4, what is -1 - 1123030200111?
-1123030200112
In base 12, what is -1b2 + -81979?
-81b6b
In base 8, what is 0 - 217350233?
-217350233
In base 16, what is -2bb26d - 5?
-2bb272
In base 11, what is -2 + 31874a4?
31874a2
In base 16, what is 1 + -3b50fa?
-3b50f9
In base 6, what is -23420341 + 302?
-23420035
In base 4, what is 120303002231 - -1130?
120303010021
In base 8, what is 15301627 + -2?
15301625
In base 4, what is 122021111 - -3033?
122030210
In base 12, what is 1a20759 - 2?
1a20757
In base 10, what is 2126 + -109448?
-107322
In base 7, what is -40 - -626463?
626423
In base 4, what is -3033102012222 + 3?
-3033102012213
In base 15, what is ba7cd1